41*f - 2341. Calculate c(-74).
101
Let l(k) = -6*k**2 + 1600*k - 15985. Give l(10).
-585
Let v(z) = 6*z**2 + 164*z - 3358. Calculate v(19).
1924
Let x(y) = -y**3 - 5*y**2 + 886*y - 6345. What is x(8)?
-89
Let l(s) = -s**3 - 30*s**2 + 85*s + 40. What is l(3)?
-2
Let w(p) = 5491*p - 466744. Determine w(85).
-9
Let c(j) = -2878*j - 51786. Give c(-18).
18
Let f(l) = -16*l**3 - 9424*l**2 - 37453*l - 45. Calculate f(-4).
7
Let z(p) = 192*p**2 - 233*p - 699. What is z(-3)?
1728
Let t(d) = 3845*d - 176877. Give t(46).
-7
Let t(i) = 707*i**2 - 80595*i - 337. Determine t(114).
5
Let a(o) = -4*o**2 - 5762*o + 34710. Determine a(6).
-6
Let q(r) = 1260*r - 595973. Determine q(473).
7
Let s(y) = 103*y - 267. Give s(-12).
-1503
Let y(i) = 22*i**3 + 157*i**2 - 167*i - 134. What is y(-8)?
-14
Let t(w) = -1025*w - 40095. Give t(-39).
-120
Let k(s) = -26*s**2 - 5229*s - 5791. What is k(-200)?
9
Let j(z) = 173*z - 12237. Calculate j(70).
-127
Let o(l) = -8*l**3 + 21*l**2 - 42*l + 143. Give o(3).
-10
Let l(v) = 6*v**3 + 725*v**2 - 127*v - 1285. What is l(-121)?
-559
Let i(k) = -4*k**2 - 924*k + 8. Calculate i(-231).
8
Let y(p) = -p**2 - 7*p + 2486. Determine y(-48).
518
Let k(z) = 647*z - 1303. Calculate k(2).
-9
Let v(j) = -9031*j - 90326. Determine v(-10).
-16
Let k(t) = -18*t**2 + 867*t + 3. Determine k(0).
3
Let x(k) = -3*k**2 - 377*k + 4806. What is x(13)?
-602
Let u(l) = -2930*l + 128909. Determine u(44).
-11
Let o(l) = -26*l**2 - 153*l + 481. Calculate o(3).
-212
Let i(u) = -u**3 + 130*u**2 + 4602*u + 1421. Determine i(159).
-10
Let l(d) = -d**2 + 15418*d - 92489. Determine l(6).
-17
Let m(r) = 15244*r - 2179915. Determine m(143).
-23
Let m(h) = h**3 - 282*h**2 - 1925*h + 66. What is m(-7)?
-620
Let h(t) = 58556*t + 6558280. Calculate h(-112).
8
Let a(w) = -741*w**2 + 4655*w + 3730. Determine a(7).
6
Let a(j) = 148*j**3 - 3*j**2 + 9*j - 9. What is a(1)?
145
Let a(c) = c**3 + 293*c**2 + 70*c + 20626. Calculate a(-293).
116
Let l(p) = -3588*p + 534608. Give l(149).
-4
Let v(l) = 70*l**3 - 6242*l**2 + 1070*l - 95. What is v(89)?
83
Let b(g) = 60982*g + 548826. Give b(-9).
-12
Let m(j) = 2*j**2 - 272*j - 1200. Calculate m(142).
504
Let n(r) = 3660*r + 47574. Calculate n(-13).
-6
Let x(m) = 2*m**2 - 414*m + 15942. Calculate x(109).
-5422
Let q(a) = -107*a - 29251. What is q(-267)?
-682
Let j(z) = -z**3 - 126*z**2 - 585*z + 2381. What is j(-121)?
-39
Let q(h) = 7333*h - 4788450. Calculate q(653).
-1
Let y(v) = -v**2 - 486*v - 59437. What is y(-257)?
-584
Let h(w) = -435*w - 21551. What is h(-49)?
-236
Let k(d) = -633587*d - 11404567. Determine k(-18).
-1
Let l(m) = -m**3 - 363*m**2 - 1189*m - 39291. Calculate l(-360).
-51
Let g(u) = 19184*u + 191863. Determine g(-10).
23
Let c(m) = 3*m**3 - 1507*m**2 - 2225*m - 148677. Give c(504).
3
Let o(j) = j**3 - 73*j**2 + 233*j - 1650. Give o(70).
-40
Let a(p) = -18*p**2 - 787*p + 9639. Determine a(10).
-31
Let v(x) = -1445*x - 895912. Give v(-620).
-12
Let s(a) = a**3 - 42*a**2 + 425*a - 264. Determine s(13).
360
Let b(o) = 4*o**2 - 2656*o + 15954. Calculate b(6).
162
Let c(x) = 15*x**3 + 318*x**2 - 48*x - 1248. What is c(-21)?
1083
Let s(o) = 780695*o + 3903469. Determine s(-5).
-6
Let q(y) = 138*y + 23086. What is q(-167)?
40
Let x(s) = -2013*s + 108947. What is x(54)?
245
Let n(x) = -9*x**2 + 235*x + 1377. Give n(-6).
-357
Let u(a) = -a**3 + 124*a**2 + 3340*a - 332807. Give u(130).
-7
Let j(t) = 7*t**3 + 526*t**2 - 1581*t + 6. Calculate j(3).
186
Let f(c) = 45203*c - 1039693. Determine f(23).
-24
Let n(k) = 148*k + 1689. Give n(-9).
357
Let z(j) = -398*j - 176704. Determine z(-444).
8
Let i(m) = -2327400*m - 13964409. What is i(-6)?
-9
Let l(k) = -10*k**2 + 970*k + 10519. Calculate l(-11).
-1361
Let u(w) = w**2 + 6848*w + 306137. Give u(-45).
2
Let r(y) = -62*y**3 + 3287*y**2 - 86*y + 1770. Calculate r(53).
21
Let s(n) = -23*n + 1602. Calculate s(75).
-123
Let a(h) = 5619*h + 848516. Give a(-151).
47
Let a(u) = 3*u**2 - 361*u + 10378. What is a(69)?
-248
Let q(p) = -16*p**3 + 959*p**2 + 55*p + 261. Determine q(60).
-39
Let z(f) = -3*f**2 - 525*f + 9267. What is z(16)?
99
Let q(c) = 171167*c + 6333200. Give q(-37).
21
Let d(y) = -16*y**2 + 3168*y + 55. What is d(198)?
55
Let d(w) = -9*w**3 + 140*w**2 - 38*w + 83. Determine d(14).
2295
Let q(f) = -4*f**3 - 253*f**2 - 32*f - 398. What is q(-63)?
-2351
Let v(g) = g**3 - 136*g**2 + 660*g - 790. Determine v(131).
-135
Let d(z) = 74*z**3 - 4*z**2 + 20*z - 4. What is d(2)?
612
Let h(f) = -4*f**2 - 436*f + 6352. Determine h(-122).
8
Let p(m) = -m**2 + 86*m + 811. Determine p(97).
-256
Let y(f) = -2*f**2 - 322*f + 6075. Calculate y(-178).
23
Let v(h) = 16*h**2 - 976*h - 4177. What is v(65)?
-17
Let x(s) = -69*s - 401. Give x(40).
-3161
Let l(y) = y**3 + 759*y**2 - 1311*y + 160572. What is l(-761)?
1
Let k(l) = 2*l**2 + 747*l - 163342. What is k(-528)?
-190
Let p(n) = 319*n - 12046. Give p(45).
2309
Let g(j) = -42*j**2 - 817*j + 222. Calculate g(-20).
-238
Let z(t) = t**3 + 43*t**2 + 81*t + 2020. What is z(-42)?
382
Let t(r) = r**3 - 37*r**2 - 202*r + 61. Calculate t(-5).
21
Let r(i) = -45*i**2 - 12553*i - 12546. Give r(-1).
-38
Let t(j) = -19870*j - 755113. Calculate t(-38).
-53
Let i(d) = -d**2 + 206*d + 3969. Calculate i(-18).
-63
Let j(h) = 379*h**3 + 9411*h**2 - 1605*h - 114. Calculate j(-25).
11
Let n(x) = -x**3 - 46*x**2 - 137*x - 10387. Give n(-48).
797
Let l(t) = 119268*t + 254. Determine l(0).
254
Let n(k) = -k**3 + 73*k**2 + 991*k - 34488. Determine n(80).
-8
Let w(c) = -c**3 - 3*c**2 - 2999*c + 18142. Give w(6).
-176
Let r(s) = -21*s**2 + 10707*s + 2075. Give r(510).
545
Let q(t) = t**3 - 27*t**2 - 1214*t - 41. Calculate q(50).
-3241
Let u(v) = -v**3 + 409*v**2 + 2628*v - 57254. What is u(415)?
16
Let t(h) = 119795*h - 119800. Give t(1).
-5
Let k(c) = -c**2 - 225254*c + 4956085. What is k(22)?
13
Let k(z) = 3*z**3 + 211*z**2 - 126*z - 13722. Determine k(-70).
-2
Let l(s) = -s**3 - 2258*s**2 - 15749*s + 17998. Calculate l(-2251).
-10
Let w(o) = -362142*o - 2534954. Determine w(-7).
40
Let x(h) = 197026*h - 19505584. What is x(99)?
-10
Let o(y) = 3*y**3 - 76*y**2 + 123*y - 1036. Give o(24).
-388
Let z(a) = -11*a**3 + 82*a**2 - 45*a + 151. Give z(7).
81
Let d(r) = -10*r**3 + 7*r**2 - 24*r - 17. Calculate d(-1).
24
Let l(m) = 7*m**2 - 2866*m + 11447. What is l(4)?
95
Let j(u) = 2*u**3 - 1620*u - 1520. Calculate j(-28).
-64
Let i(f) = -9*f**2 - 317*f - 1409. Determine i(-30).
1
Let t(c) = c**2 + 2414*c + 127642. Determine t(-54).
202
Let s(o) = -2*o**3 - 64*o**2 - 104*o + 476. Calculate s(-30).
-4
Let i(z) = z**3 - z**2 - 69*z - 97. Calculate i(-11).
-790
Let x(z) = -8*z**2 - 1645*z - 14470. Give x(-9).
-313
Let d(x) = x**3 - 181*x**2 - 141*x + 26620. Give d(181).
1099
Let s(a) = -4057*a - 1225111. Give s(-302).
103
Let p(d) = 2*d**2 + 855*d - 9620. Calculate p(11).
27
Let u(p) = 39*p**3 - 4779*p + 4781. What is u(1)?
41
Let j(v) = -v**3 - 282*v**2 - 15030*v - 3627. What is j(-71)?
-148
Let w(k) = -k**3 - 5*k**2 + 74*k - 159. Calculate w(4).
-7
Let u(x) = 67*x**2 + 124*x - 13. Calculate u(-2).
7
Let t(z) = z**3 - 91*z**2 - 2895*z + 223. Give t(-25).
98
Let s(u) = 884*u**3 + 173*u**2 + 2*u + 3. What is s(-1)?
-710
Let v(z) = 9942*z - 1739854. Calculate v(175).
-4
Let n(j) = -463*j + 131492. What is n(284)?
0
Let k(i) = -11*i**2 + 287*i + 31352. Give k(68).
4
Let x(t) = -154*t**2 - 862*t + 8167. What is x(5)?
7
Let f(i) = -16639*i - 332814. Calculate f(-20).
-34
Let c(n) = -18427*n + 25097559. Calculate c(1362).
-15
Let u(n) = 35767*n - 1180309. Determine u(33).
2
Let r(v) = v**3 + 10*v**2 + 72*v + 1179. Determine r(-16).
-1509
Let o(v) = -1937*v + 35042. Determine o(18).
176
Let t(k) = -245*k**2 - 9797*k + 264. Calculate t(-40).
144
Let b(z) = 98*z**3 - 3044*z**2 + 215*z - 907. What is b(31)?
-8
Let k(m) = m**3 + 253*m**2 - 254*m + 75. Determine k(-254).
75
Let g(q) = -125*q + 17403. What is g(136)?
403
Let t(s) = 53672*s - 644057. Determine t(12).
7
Let h(l) = -l**2 + 319*l - 9938. What is h(284)?
2
Let s(p) = -1322*p - 84749. Give s(-60).
-5429
Let d(m) = -m**2 + 457*m + 33417. Calculate d(-64).
73
Let c(y) = -7260*y + 101627. Calculate c(14).
-13
Let f(p) = p**3 - 136*p**2 - 854*p + 368. Give f(142).
84
Let y(l) = -162*l - 18740. Give y(-109).
-1082
Let m(y) = -10127